{"id":166,"date":"2024-09-09T09:18:28","date_gmt":"2024-09-09T09:18:28","guid":{"rendered":"https:\/\/strotzbuesch.de\/?page_id=166"},"modified":"2024-12-18T14:12:02","modified_gmt":"2024-12-18T13:12:02","slug":"schutzhuette","status":"publish","type":"page","link":"https:\/\/strotzbuesch.de\/index.php\/schutzhuette\/","title":{"rendered":"Schutzh\u00fctte"},"content":{"rendered":"\t\t<div data-elementor-type=\"wp-page\" data-elementor-id=\"166\" class=\"elementor elementor-166\">\n\t\t\t\t<div class=\"elementor-element elementor-element-340c51f e-flex e-con-boxed e-con e-parent\" data-id=\"340c51f\" data-element_type=\"container\" data-e-type=\"container\">\n\t\t\t\t\t<div class=\"e-con-inner\">\n\t\t\t\t<div class=\"elementor-element elementor-element-7534d72 elementor-widget elementor-widget-image\" data-id=\"7534d72\" data-element_type=\"widget\" data-e-type=\"widget\" data-widget_type=\"image.default\">\n\t\t\t\t<div class=\"elementor-widget-container\">\n\t\t\t\t\t\t\t\t\t\t\t\t\t\t\t<img fetchpriority=\"high\" decoding=\"async\" width=\"1199\" height=\"351\" src=\"https:\/\/strotzbuesch.de\/wp-content\/uploads\/2024\/12\/03-gemeinde-schutzhuette.jpg\" class=\"attachment-catchbase-slider size-catchbase-slider wp-image-926\" alt=\"\" srcset=\"https:\/\/strotzbuesch.de\/wp-content\/uploads\/2024\/12\/03-gemeinde-schutzhuette.jpg 1199w, https:\/\/strotzbuesch.de\/wp-content\/uploads\/2024\/12\/03-gemeinde-schutzhuette-300x88.jpg 300w, https:\/\/strotzbuesch.de\/wp-content\/uploads\/2024\/12\/03-gemeinde-schutzhuette-1024x300.jpg 1024w, https:\/\/strotzbuesch.de\/wp-content\/uploads\/2024\/12\/03-gemeinde-schutzhuette-768x225.jpg 768w\" sizes=\"(max-width: 1199px) 100vw, 1199px\" \/>\t\t\t\t\t\t\t\t\t\t\t\t\t\t\t<\/div>\n\t\t\t\t<\/div>\n\t\t\t\t<div class=\"elementor-element elementor-element-d0b7970 elementor-widget elementor-widget-text-editor\" data-id=\"d0b7970\" data-element_type=\"widget\" data-e-type=\"widget\" data-widget_type=\"text-editor.default\">\n\t\t\t\t<div class=\"elementor-widget-container\">\n\t\t\t\t\t\t\t\t\t<p>Unsere Schutzh\u00fctte liegt im Wald, oberhalb des \u00dc\u00dfbachtals und der Thermal- und Mineralquelle.<\/p><p>Ein offener Innenbereich sowie ein gro\u00dfer Au\u00dfenbereich mit Sitzgruppen laden Wanderer zur Rast ein.<\/p><p>Die Schutzh\u00fctte kann gemietet werden. Bei Interesse gerne beim Ortsb\u00fcrgermeister melden.<\/p>\t\t\t\t\t\t\t\t<\/div>\n\t\t\t\t<\/div>\n\t\t\t\t\t<\/div>\n\t\t\t\t<\/div>\n\t\t\t\t<\/div>\n\t\t","protected":false},"excerpt":{"rendered":"<p>Unsere Schutzh\u00fctte liegt im Wald, oberhalb des \u00dc\u00dfbachtals und der Thermal- und Mineralquelle. Ein offener Innenbereich sowie ein gro\u00dfer Au\u00dfenbereich mit Sitzgruppen laden Wanderer zur Rast ein. Die Schutzh\u00fctte kann gemietet werden. Bei Interesse gerne beim Ortsb\u00fcrgermeister melden.<\/p>\n","protected":false},"author":3,"featured_media":557,"parent":0,"menu_order":0,"comment_status":"closed","ping_status":"closed","template":"","meta":{"ngg_post_thumbnail":0,"footnotes":""},"class_list":["post-166","page","type-page","status-publish","has-post-thumbnail","hentry"],"_links":{"self":[{"href":"https:\/\/strotzbuesch.de\/index.php\/wp-json\/wp\/v2\/pages\/166","targetHints":{"allow":["GET"]}}],"collection":[{"href":"https:\/\/strotzbuesch.de\/index.php\/wp-json\/wp\/v2\/pages"}],"about":[{"href":"https:\/\/strotzbuesch.de\/index.php\/wp-json\/wp\/v2\/types\/page"}],"author":[{"embeddable":true,"href":"https:\/\/strotzbuesch.de\/index.php\/wp-json\/wp\/v2\/users\/3"}],"replies":[{"embeddable":true,"href":"https:\/\/strotzbuesch.de\/index.php\/wp-json\/wp\/v2\/comments?post=166"}],"version-history":[{"count":7,"href":"https:\/\/strotzbuesch.de\/index.php\/wp-json\/wp\/v2\/pages\/166\/revisions"}],"predecessor-version":[{"id":933,"href":"https:\/\/strotzbuesch.de\/index.php\/wp-json\/wp\/v2\/pages\/166\/revisions\/933"}],"wp:featuredmedia":[{"embeddable":true,"href":"https:\/\/strotzbuesch.de\/index.php\/wp-json\/wp\/v2\/media\/557"}],"wp:attachment":[{"href":"https:\/\/strotzbuesch.de\/index.php\/wp-json\/wp\/v2\/media?parent=166"}],"curies":[{"name":"wp","href":"https:\/\/api.w.org\/{rel}","templated":true}]}}

Schutzhütte

<div data-elementor-type="wp-page" data-elementor-id="166" class="elementor elementor-166">
				<div class="elementor-element elementor-element-340c51f e-flex e-con-boxed e-con e-parent" data-id="340c51f" data-element_type="container" data-e-type="container">
					<div class="e-con-inner">
				<div class="elementor-element elementor-element-7534d72 elementor-widget elementor-widget-image" data-id="7534d72" data-element_type="widget" data-e-type="widget" data-widget_type="image.default">
				<div class="elementor-widget-container">
															<img fetchpriority="high" decoding="async" width="1199" height="351" src="https://strotzbuesch.de/wp-content/uploads/2024/12/03-gemeinde-schutzhuette.jpg" class="attachment-catchbase-slider size-catchbase-slider wp-image-926" alt="" srcset="https://strotzbuesch.de/wp-content/uploads/2024/12/03-gemeinde-schutzhuette.jpg 1199w, https://strotzbuesch.de/wp-content/uploads/2024/12/03-gemeinde-schutzhuette-300x88.jpg 300w, https://strotzbuesch.de/wp-content/uploads/2024/12/03-gemeinde-schutzhuette-1024x300.jpg 1024w, https://strotzbuesch.de/wp-content/uploads/2024/12/03-gemeinde-schutzhuette-768x225.jpg 768w" sizes="(max-width: 1199px) 100vw, 1199px" />															</div>
				</div>
				<div class="elementor-element elementor-element-d0b7970 elementor-widget elementor-widget-text-editor" data-id="d0b7970" data-element_type="widget" data-e-type="widget" data-widget_type="text-editor.default">
				<div class="elementor-widget-container">
									<p>Unsere Schutzhütte liegt im Wald, oberhalb des Üßbachtals und der Thermal- und Mineralquelle.</p><p>Ein offener Innenbereich sowie ein großer Außenbereich mit Sitzgruppen laden Wanderer zur Rast ein.</p><p>Die Schutzhütte kann gemietet werden. Bei Interesse gerne beim Ortsbürgermeister melden.</p>								</div>
				</div>
					</div>
				</div>
				</div>

<p>Unsere Schutzhütte liegt im Wald, oberhalb des Üßbachtals und der Thermal- und Mineralquelle. Ein offener Innenbereich sowie ein großer Außenbereich mit Sitzgruppen laden Wanderer zur Rast ein. Die Schutzhütte kann gemietet werden. Bei Interesse gerne beim Ortsbürgermeister melden.</p>
