{"id":167,"date":"2024-09-09T09:18:28","date_gmt":"2024-09-09T09:18:28","guid":{"rendered":"https:\/\/strotzbuesch.de\/?page_id=167"},"modified":"2024-12-18T14:57:00","modified_gmt":"2024-12-18T13:57:00","slug":"braugrund","status":"publish","type":"page","link":"https:\/\/strotzbuesch.de\/index.php\/braugrund\/","title":{"rendered":"Baugrund"},"content":{"rendered":"\n<p class=\"has-normal-font-size\" style=\"font-style:normal;font-weight:700\">Bauen und Wohnen in Strotzb\u00fcsch<\/p>\n\n\n\n<p>Die Ortsgemeinde Strotzb\u00fcsch hat z.Z. 440 Einwohner. Sieben Vereine pr\u00e4gen die Dorfgemeinschaft, die harmonisch und sehr gut ist. Seit Ende 2016 arbeiten acht Arbeitsgruppen mit 40 B\u00fcrgerinnen und B\u00fcrger in der Zukunftskonferenz \/ Dorfentwicklung mit dem Ziel ein Leitbild bis zum Jahr 2030 zu erstellen. Viele Projekte sind schon erfolgreich abgeschlossen worden. B\u00fcrgerinnen und B\u00fcrger die mithelfen wollen sind immer herzlich willkommen.<\/p>\n\n\n\n<p class=\"has-normal-font-size\" style=\"font-style:normal;font-weight:700\">Sie interessieren sich f\u00fcr ein Baugrundst\u00fcck ?<\/p>\n\n\n\n<p>Unser Ziel ist die Innenentwicklung vor der Au\u00dfenentwicklung.<\/p>\n\n\n\n<p>Im Innenbereich unseres sch\u00f6nen Ortes haben wir noch einige Baugrundst\u00fccke bzw. leer stehende H\u00e4user voll erschlossen anzubieten. Verf\u00fcgbare Baugrundst\u00fccke gibt es ebenfalls noch einige, hier ist die Anzahl auf Grund einer seit der Pandemie sichtbar gestiegenen Anfragefrequenz aber stark gesunken.<\/p>\n\n\n\n<p>F\u00fcr Fragen und weitere Informationen stehe ich gerne zur Verf\u00fcgung.<\/p>\n\n\n\n<p>Dirk Peifer, Ortsb\u00fcrgermeister<\/p>\n\n\n\n<p>Tel. 06573 \u2013 996203 oder per email an ortsgemeinde.strotzbuesch@vgdaun.de<\/p>\n","protected":false},"excerpt":{"rendered":"<p>Bauen und Wohnen in Strotzb\u00fcsch Die Ortsgemeinde Strotzb\u00fcsch hat z.Z. 440 Einwohner. Sieben Vereine pr\u00e4gen die Dorfgemeinschaft, die harmonisch und sehr gut ist. Seit Ende 2016 arbeiten acht Arbeitsgruppen mit 40 B\u00fcrgerinnen und B\u00fcrger in der Zukunftskonferenz \/ Dorfentwicklung mit <a class=\"more-link\" href=\"https:\/\/strotzbuesch.de\/index.php\/braugrund\/\">weiterlesen&#8230;<\/a><\/p>\n","protected":false},"author":3,"featured_media":0,"parent":0,"menu_order":0,"comment_status":"closed","ping_status":"closed","template":"","meta":{"ngg_post_thumbnail":0,"footnotes":""},"class_list":["post-167","page","type-page","status-publish","hentry"],"_links":{"self":[{"href":"https:\/\/strotzbuesch.de\/index.php\/wp-json\/wp\/v2\/pages\/167","targetHints":{"allow":["GET"]}}],"collection":[{"href":"https:\/\/strotzbuesch.de\/index.php\/wp-json\/wp\/v2\/pages"}],"about":[{"href":"https:\/\/strotzbuesch.de\/index.php\/wp-json\/wp\/v2\/types\/page"}],"author":[{"embeddable":true,"href":"https:\/\/strotzbuesch.de\/index.php\/wp-json\/wp\/v2\/users\/3"}],"replies":[{"embeddable":true,"href":"https:\/\/strotzbuesch.de\/index.php\/wp-json\/wp\/v2\/comments?post=167"}],"version-history":[{"count":3,"href":"https:\/\/strotzbuesch.de\/index.php\/wp-json\/wp\/v2\/pages\/167\/revisions"}],"predecessor-version":[{"id":941,"href":"https:\/\/strotzbuesch.de\/index.php\/wp-json\/wp\/v2\/pages\/167\/revisions\/941"}],"wp:attachment":[{"href":"https:\/\/strotzbuesch.de\/index.php\/wp-json\/wp\/v2\/media?parent=167"}],"curies":[{"name":"wp","href":"https:\/\/api.w.org\/{rel}","templated":true}]}}