{"id":168,"date":"2024-09-09T09:18:28","date_gmt":"2024-09-09T09:18:28","guid":{"rendered":"https:\/\/strotzbuesch.de\/?page_id=168"},"modified":"2024-12-04T11:48:59","modified_gmt":"2024-12-04T10:48:59","slug":"ortsinformationen","status":"publish","type":"page","link":"https:\/\/strotzbuesch.de\/index.php\/ortsinformationen\/","title":{"rendered":"Ortsinformationen"},"content":{"rendered":"\n<p><\/p>\n\n\n\n<p><\/p>\n\n\n\n<h1 class=\"wp-block-heading\">Ein&nbsp;Kurzportrait unseres liebenswerten Ortes:<\/h1>\n\n\n\n<p><strong>Postanschrift:<\/strong> 54552 Strotzb\u00fcsch \u2022 <strong>Telefonvorwahl:<\/strong> (0 65 73)&nbsp;\u2022 <strong>Einwohnerzahl:<\/strong> 456<br><br>Die Eifelgemeinde Strotzb\u00fcsch liegt im Bundesland Rheinland-Pfalz direkt an der B421. Sie geh\u00f6rt zum Landkreis <strong>Vulkaneifel<\/strong> und liegt im Herzen der Vulkaneifel.<br>Strotzb\u00fcsch wurde erstmals im Jahre 1097 n.Chr. urkundlich erw\u00e4hnt. Die Gemarkungsgr\u00f6\u00dfe betr\u00e4gt 650 ha. die Waldfl\u00e4che betr\u00e4gt 185 ha.<br>Strotzb\u00fcsch ist ein anerkannter Fremdenverkehrsort und liegt im Naturpark der Vulkaneifel.<\/p>\n\n\n\n<p>Ein erschlossenes Wohn- und Gewerbegebiet ist vorhanden.<br>Weiter Informationen finden Sie <a href=\"https:\/\/strotzbuesch.de\/index.php\/braugrund\/\">hier<\/a>.<\/p>\n\n\n\n<p>Sportm\u00f6glichkeiten vieler Art, sowie gute ausgeschilderte Wald- und Wanderwege mit zahlreichen Ruheb\u00e4nken laden Sie zum Verweilen und Entspannen\u00a0ein. Strotzb\u00fcsch liegt etwa 20 km von den Kreisst\u00e4dten Daun, Cochem und Wittlich entfernt. Ausflugs- und Tagesfahrten von hier an die Mosel, nach Trier oder nach Luxemburg sind sehr beliebt.<br>Weitere Infos finden Sie im Bereich &#8222;Tourismus&#8220;.<\/p>\n\n\n\n<p><\/p>\n","protected":false},"excerpt":{"rendered":"<p>Ein&nbsp;Kurzportrait unseres liebenswerten Ortes: Postanschrift: 54552 Strotzb\u00fcsch \u2022 Telefonvorwahl: (0 65 73)&nbsp;\u2022 Einwohnerzahl: 456 Die Eifelgemeinde Strotzb\u00fcsch liegt im Bundesland Rheinland-Pfalz direkt an der B421. Sie geh\u00f6rt zum Landkreis Vulkaneifel und liegt im Herzen der Vulkaneifel.Strotzb\u00fcsch wurde erstmals im Jahre <a class=\"more-link\" href=\"https:\/\/strotzbuesch.de\/index.php\/ortsinformationen\/\">weiterlesen&#8230;<\/a><\/p>\n","protected":false},"author":3,"featured_media":0,"parent":0,"menu_order":0,"comment_status":"closed","ping_status":"closed","template":"","meta":{"ngg_post_thumbnail":0,"footnotes":""},"class_list":["post-168","page","type-page","status-publish","hentry"],"_links":{"self":[{"href":"https:\/\/strotzbuesch.de\/index.php\/wp-json\/wp\/v2\/pages\/168","targetHints":{"allow":["GET"]}}],"collection":[{"href":"https:\/\/strotzbuesch.de\/index.php\/wp-json\/wp\/v2\/pages"}],"about":[{"href":"https:\/\/strotzbuesch.de\/index.php\/wp-json\/wp\/v2\/types\/page"}],"author":[{"embeddable":true,"href":"https:\/\/strotzbuesch.de\/index.php\/wp-json\/wp\/v2\/users\/3"}],"replies":[{"embeddable":true,"href":"https:\/\/strotzbuesch.de\/index.php\/wp-json\/wp\/v2\/comments?post=168"}],"version-history":[{"count":5,"href":"https:\/\/strotzbuesch.de\/index.php\/wp-json\/wp\/v2\/pages\/168\/revisions"}],"predecessor-version":[{"id":876,"href":"https:\/\/strotzbuesch.de\/index.php\/wp-json\/wp\/v2\/pages\/168\/revisions\/876"}],"wp:attachment":[{"href":"https:\/\/strotzbuesch.de\/index.php\/wp-json\/wp\/v2\/media?parent=168"}],"curies":[{"name":"wp","href":"https:\/\/api.w.org\/{rel}","templated":true}]}}