{"id":169,"date":"2024-09-09T09:18:28","date_gmt":"2024-09-09T09:18:28","guid":{"rendered":"https:\/\/strotzbuesch.de\/?page_id=169"},"modified":"2024-09-21T11:51:12","modified_gmt":"2024-09-21T09:51:12","slug":"wappen","status":"publish","type":"page","link":"https:\/\/strotzbuesch.de\/index.php\/wappen\/","title":{"rendered":"Wappen"},"content":{"rendered":"\n<p><\/p>\n\n\n\n<div class=\"wp-block-media-text is-stacked-on-mobile\" style=\"grid-template-columns:25% auto\"><figure class=\"wp-block-media-text__media\"><img decoding=\"async\" width=\"112\" height=\"120\" src=\"https:\/\/strotzbuesch.de\/wp-content\/uploads\/2024\/09\/cropped-Wappen-Strotzbuesch-klein-1.jpg\" alt=\"\" class=\"wp-image-308 size-full\"\/><\/figure><div class=\"wp-block-media-text__content\">\n<p>Durch die Genehmigungsurkunde vom 21. M\u00e4rz 1985, ausgestellt durch den Regierungspr\u00e4sidenten der Bezirksregierung Trier, wird der Ortsgemeinde Strotzb\u00fcsch die F\u00fchrung eines eigenen Wappens gestattet.<\/p>\n<\/div><\/div>\n\n\n\n<h3 class=\"wp-block-heading\">Wappenbeschreibung:<\/h3>\n\n\n\n<p>Das Schild ist in der Mitte geteilt, in der oberen roten H\u00e4lfte befindet sich eine silberne Waage, mit einem silbernen Palmwedel belegt, in der unteren goldenen H\u00e4lfte ein schwarzer doppelk\u00f6pfiger Adler.<\/p>\n\n\n\n<p>Das Wappenbild nimmt Bezug auf die geschichtliche Vergangenheit unserer Gemeinde. So hatte unser Dorf ein eigenes, das sogenannte &#8222;Strotzb\u00fcscher Gericht&#8220;, welches durch das Gerichtssiegel von 1725 dokumentiert ist.<\/p>\n\n\n\n<p>Durch die Genehmigungsurkunde vom 21. M\u00e4rz 1985, ausgestellt durch den Regierungspr\u00e4sidenten der Bezirksregierung Trier, wird der Ortsgemeinde Strotzb\u00fcsch die F\u00fchrung eines eigenen Wappens gestattet.<\/p>\n\n\n\n<p>Das &#8222;Strotzb\u00fcscher Gericht&#8220; wird durch die Waage symbolisiert. Im Gerichtssiegel ist der Ortspatron, der heilige Vincentius, abgebildet. Sein Attribut ist der Palmwedel. Aus diesem Grunde wurde die Waage mit einem Palmwedel belegt.<br>Der doppelk\u00f6pfige Adler im unteren Wappenteil dokumentiert, dass unser Dorf ein Drittel des Zehnten an das Kloster Echternach abzuliefern hatte.<\/p>\n","protected":false},"excerpt":{"rendered":"<p>Durch die Genehmigungsurkunde vom 21. M\u00e4rz 1985, ausgestellt durch den Regierungspr\u00e4sidenten der Bezirksregierung Trier, wird der Ortsgemeinde Strotzb\u00fcsch die F\u00fchrung eines eigenen Wappens gestattet. Wappenbeschreibung: Das Schild ist in der Mitte geteilt, in der oberen roten H\u00e4lfte befindet sich eine <a class=\"more-link\" href=\"https:\/\/strotzbuesch.de\/index.php\/wappen\/\">weiterlesen&#8230;<\/a><\/p>\n","protected":false},"author":3,"featured_media":0,"parent":0,"menu_order":0,"comment_status":"closed","ping_status":"closed","template":"","meta":{"ngg_post_thumbnail":0,"footnotes":""},"class_list":["post-169","page","type-page","status-publish","hentry"],"_links":{"self":[{"href":"https:\/\/strotzbuesch.de\/index.php\/wp-json\/wp\/v2\/pages\/169","targetHints":{"allow":["GET"]}}],"collection":[{"href":"https:\/\/strotzbuesch.de\/index.php\/wp-json\/wp\/v2\/pages"}],"about":[{"href":"https:\/\/strotzbuesch.de\/index.php\/wp-json\/wp\/v2\/types\/page"}],"author":[{"embeddable":true,"href":"https:\/\/strotzbuesch.de\/index.php\/wp-json\/wp\/v2\/users\/3"}],"replies":[{"embeddable":true,"href":"https:\/\/strotzbuesch.de\/index.php\/wp-json\/wp\/v2\/comments?post=169"}],"version-history":[{"count":3,"href":"https:\/\/strotzbuesch.de\/index.php\/wp-json\/wp\/v2\/pages\/169\/revisions"}],"predecessor-version":[{"id":651,"href":"https:\/\/strotzbuesch.de\/index.php\/wp-json\/wp\/v2\/pages\/169\/revisions\/651"}],"wp:attachment":[{"href":"https:\/\/strotzbuesch.de\/index.php\/wp-json\/wp\/v2\/media?parent=169"}],"curies":[{"name":"wp","href":"https:\/\/api.w.org\/{rel}","templated":true}]}}

<p></p>



<div class="wp-block-media-text is-stacked-on-mobile" style="grid-template-columns:25% auto"><figure class="wp-block-media-text__media"><img decoding="async" width="112" height="120" src="https://strotzbuesch.de/wp-content/uploads/2024/09/cropped-Wappen-Strotzbuesch-klein-1.jpg" alt="" class="wp-image-308 size-full"/></figure><div class="wp-block-media-text__content">
<p>Durch die Genehmigungsurkunde vom 21. März 1985, ausgestellt durch den Regierungspräsidenten der Bezirksregierung Trier, wird der Ortsgemeinde Strotzbüsch die Führung eines eigenen Wappens gestattet.</p>
</div></div>



<h3 class="wp-block-heading">Wappenbeschreibung:</h3>



<p>Das Schild ist in der Mitte geteilt, in der oberen roten Hälfte befindet sich eine silberne Waage, mit einem silbernen Palmwedel belegt, in der unteren goldenen Hälfte ein schwarzer doppelköpfiger Adler.</p>



<p>Das Wappenbild nimmt Bezug auf die geschichtliche Vergangenheit unserer Gemeinde. So hatte unser Dorf ein eigenes, das sogenannte &#8222;Strotzbüscher Gericht&#8220;, welches durch das Gerichtssiegel von 1725 dokumentiert ist.</p>



<p>Durch die Genehmigungsurkunde vom 21. März 1985, ausgestellt durch den Regierungspräsidenten der Bezirksregierung Trier, wird der Ortsgemeinde Strotzbüsch die Führung eines eigenen Wappens gestattet.</p>



<p>Das &#8222;Strotzbüscher Gericht&#8220; wird durch die Waage symbolisiert. Im Gerichtssiegel ist der Ortspatron, der heilige Vincentius, abgebildet. Sein Attribut ist der Palmwedel. Aus diesem Grunde wurde die Waage mit einem Palmwedel belegt.<br>Der doppelköpfige Adler im unteren Wappenteil dokumentiert, dass unser Dorf ein Drittel des Zehnten an das Kloster Echternach abzuliefern hatte.</p>

<p>Durch die Genehmigungsurkunde vom 21. März 1985, ausgestellt durch den Regierungspräsidenten der Bezirksregierung Trier, wird der Ortsgemeinde Strotzbüsch die Führung eines eigenen Wappens gestattet. Wappenbeschreibung: Das Schild ist in der Mitte geteilt, in der oberen roten Hälfte befindet sich eine <a class="more-link" href="https://strotzbuesch.de/index.php/wappen/">weiterlesen&#8230;</a></p>
