{"id":207,"date":"2024-09-09T09:47:15","date_gmt":"2024-09-09T09:47:15","guid":{"rendered":"https:\/\/strotzbuesch.de\/?page_id=207"},"modified":"2024-09-23T15:18:46","modified_gmt":"2024-09-23T13:18:46","slug":"st-vincentiuskirche","status":"publish","type":"page","link":"https:\/\/strotzbuesch.de\/index.php\/st-vincentiuskirche\/","title":{"rendered":"St. Vincentiuskirche"},"content":{"rendered":"\n<p>Die Geschichte der Ortsgemeinde ist stark mit der der Kirchengemeinde verbunden. Durch ihren zentralen Standort pr\u00e4gt die Kirche auch heute noch das Bild unserer Gemeinde. Sie ist mit Sicherheit das \u00e4lteste Bauwerk in unserem Dorf und zugleich eine der \u00e4ltesten Kirchen der Eifel.<\/p>\n\n\n\n<p>Der Turm entstand um 1435, als Strotzb\u00fcsch selbstst\u00e4ndige Pfarrei wurde. Eine bauliche Erweiterung folgte 1722, als an den Ostturm das neue Schiff angef\u00fcgt wurde.<br>Im Jahre 1813 wurde der Hochaltar ins Schiff verlegt und somit der Chorturm erhalten.<\/p>\n\n\n\n<p>Menschen aus vielen Generationen fanden in den Mauern der Kirche Hilfe, Schutz und Trost.<\/p>\n\n\n\n<div class=\"wp-block-group\"><div class=\"wp-block-group__inner-container is-layout-constrained wp-block-group-is-layout-constrained\">\n<div class=\"wp-block-columns is-layout-flex wp-container-core-columns-is-layout-9d6595d7 wp-block-columns-is-layout-flex\">\n<div class=\"wp-block-column is-layout-flow wp-block-column-is-layout-flow\" style=\"flex-basis:100%\">\n<div class=\"wp-block-columns is-layout-flex wp-container-core-columns-is-layout-9d6595d7 wp-block-columns-is-layout-flex\">\n<div class=\"wp-block-column is-layout-flow wp-block-column-is-layout-flow\">\n<figure class=\"wp-block-image size-full\"><img fetchpriority=\"high\" decoding=\"async\" width=\"300\" height=\"180\" src=\"https:\/\/strotzbuesch.de\/wp-content\/uploads\/2024\/09\/vincentius-01-klein.jpg\" alt=\"\" class=\"wp-image-702\"\/><\/figure>\n<\/div>\n\n\n\n<div class=\"wp-block-column is-layout-flow wp-block-column-is-layout-flow\">\n<figure class=\"wp-block-image size-full\"><img decoding=\"async\" width=\"300\" height=\"180\" src=\"https:\/\/strotzbuesch.de\/wp-content\/uploads\/2024\/09\/vincentius-02-klein.jpg\" alt=\"\" class=\"wp-image-703\"\/><\/figure>\n<\/div>\n<\/div>\n<\/div>\n<\/div>\n<\/div><\/div>\n","protected":false},"excerpt":{"rendered":"<p>Die Geschichte der Ortsgemeinde ist stark mit der der Kirchengemeinde verbunden. Durch ihren zentralen Standort pr\u00e4gt die Kirche auch heute noch das Bild unserer Gemeinde. Sie ist mit Sicherheit das \u00e4lteste Bauwerk in unserem Dorf und zugleich eine der \u00e4ltesten <a class=\"more-link\" href=\"https:\/\/strotzbuesch.de\/index.php\/st-vincentiuskirche\/\">weiterlesen&#8230;<\/a><\/p>\n","protected":false},"author":3,"featured_media":0,"parent":0,"menu_order":0,"comment_status":"closed","ping_status":"closed","template":"","meta":{"ngg_post_thumbnail":0,"footnotes":""},"class_list":["post-207","page","type-page","status-publish","hentry"],"_links":{"self":[{"href":"https:\/\/strotzbuesch.de\/index.php\/wp-json\/wp\/v2\/pages\/207","targetHints":{"allow":["GET"]}}],"collection":[{"href":"https:\/\/strotzbuesch.de\/index.php\/wp-json\/wp\/v2\/pages"}],"about":[{"href":"https:\/\/strotzbuesch.de\/index.php\/wp-json\/wp\/v2\/types\/page"}],"author":[{"embeddable":true,"href":"https:\/\/strotzbuesch.de\/index.php\/wp-json\/wp\/v2\/users\/3"}],"replies":[{"embeddable":true,"href":"https:\/\/strotzbuesch.de\/index.php\/wp-json\/wp\/v2\/comments?post=207"}],"version-history":[{"count":2,"href":"https:\/\/strotzbuesch.de\/index.php\/wp-json\/wp\/v2\/pages\/207\/revisions"}],"predecessor-version":[{"id":704,"href":"https:\/\/strotzbuesch.de\/index.php\/wp-json\/wp\/v2\/pages\/207\/revisions\/704"}],"wp:attachment":[{"href":"https:\/\/strotzbuesch.de\/index.php\/wp-json\/wp\/v2\/media?parent=207"}],"curies":[{"name":"wp","href":"https:\/\/api.w.org\/{rel}","templated":true}]}}

<p>Die Geschichte der Ortsgemeinde ist stark mit der der Kirchengemeinde verbunden. Durch ihren zentralen Standort prägt die Kirche auch heute noch das Bild unserer Gemeinde. Sie ist mit Sicherheit das älteste Bauwerk in unserem Dorf und zugleich eine der ältesten Kirchen der Eifel.</p>



<p>Der Turm entstand um 1435, als Strotzbüsch selbstständige Pfarrei wurde. Eine bauliche Erweiterung folgte 1722, als an den Ostturm das neue Schiff angefügt wurde.<br>Im Jahre 1813 wurde der Hochaltar ins Schiff verlegt und somit der Chorturm erhalten.</p>



<p>Menschen aus vielen Generationen fanden in den Mauern der Kirche Hilfe, Schutz und Trost.</p>



<div class="wp-block-group"><div class="wp-block-group__inner-container is-layout-constrained wp-block-group-is-layout-constrained">
<div class="wp-block-columns is-layout-flex wp-container-core-columns-is-layout-9d6595d7 wp-block-columns-is-layout-flex">
<div class="wp-block-column is-layout-flow wp-block-column-is-layout-flow" style="flex-basis:100%">
<div class="wp-block-columns is-layout-flex wp-container-core-columns-is-layout-9d6595d7 wp-block-columns-is-layout-flex">
<div class="wp-block-column is-layout-flow wp-block-column-is-layout-flow">
<figure class="wp-block-image size-full"><img fetchpriority="high" decoding="async" width="300" height="180" src="https://strotzbuesch.de/wp-content/uploads/2024/09/vincentius-01-klein.jpg" alt="" class="wp-image-702"/></figure>
</div>



<div class="wp-block-column is-layout-flow wp-block-column-is-layout-flow">
<figure class="wp-block-image size-full"><img decoding="async" width="300" height="180" src="https://strotzbuesch.de/wp-content/uploads/2024/09/vincentius-02-klein.jpg" alt="" class="wp-image-703"/></figure>
</div>
</div>
</div>
</div>
</div></div>

<p>Die Geschichte der Ortsgemeinde ist stark mit der der Kirchengemeinde verbunden. Durch ihren zentralen Standort prägt die Kirche auch heute noch das Bild unserer Gemeinde. Sie ist mit Sicherheit das älteste Bauwerk in unserem Dorf und zugleich eine der ältesten <a class="more-link" href="https://strotzbuesch.de/index.php/st-vincentiuskirche/">weiterlesen&#8230;</a></p>
