{"id":230,"date":"2024-09-09T09:49:45","date_gmt":"2024-09-09T09:49:45","guid":{"rendered":"https:\/\/strotzbuesch.de\/?page_id=230"},"modified":"2024-11-17T20:39:39","modified_gmt":"2024-11-17T19:39:39","slug":"freiwillige-feuerwehr","status":"publish","type":"page","link":"https:\/\/strotzbuesch.de\/index.php\/freiwillige-feuerwehr\/","title":{"rendered":"Freiwillige Feuerwehr"},"content":{"rendered":"\n<figure class=\"wp-block-image size-large\"><img fetchpriority=\"high\" decoding=\"async\" width=\"1024\" height=\"362\" src=\"https:\/\/strotzbuesch.de\/wp-content\/uploads\/2024\/11\/title_ffw1-1024x362.jpg\" alt=\"\" class=\"wp-image-841\" srcset=\"https:\/\/strotzbuesch.de\/wp-content\/uploads\/2024\/11\/title_ffw1-1024x362.jpg 1024w, https:\/\/strotzbuesch.de\/wp-content\/uploads\/2024\/11\/title_ffw1-300x106.jpg 300w, https:\/\/strotzbuesch.de\/wp-content\/uploads\/2024\/11\/title_ffw1-768x272.jpg 768w, https:\/\/strotzbuesch.de\/wp-content\/uploads\/2024\/11\/title_ffw1-1536x543.jpg 1536w, https:\/\/strotzbuesch.de\/wp-content\/uploads\/2024\/11\/title_ffw1-2048x725.jpg 2048w\" sizes=\"(max-width: 1024px) 100vw, 1024px\" \/><\/figure>\n\n\n\n<h3 class=\"wp-block-heading\">Die Chronik<\/h3>\n\n\n\n<p>Getreu unserem Motto &#8220; Gott zur Ehr, dem n\u00e4chsten zur Wehr&#8220; &nbsp;wurde die Freiwillige Feuerwehr Strotzb\u00fcsch am 15. Mai 1888 gegr\u00fcndet und ist damit die viert\u00e4lteste Wehr im Kreis Daun. \u00c4lter sind nur noch die Wehren der Kreisstadt Daun, der Stadt Gerolstein und der St\u00fctzpunktwehr Gillenfeld. Seit dem 19. Mai 1989 besteht die Jugendfeuerwehr Strotzb\u00fcsch. Unser heutiger Wehrf\u00fchrer Herr Norbert Thiel ist seit 2001 im Amt. Von 1988 bis 2001 leitete Herr Alfons Welsch die Wehr. Von 1970 bis 1988 leitete Herr Edmund Peifer die Strotzb\u00fcscher Wehr. Herr Helmut Maas war von 1968 bis 1970 und Herr Albert Thullen von 1960 bis 1968 Wehrf\u00fchrer. Am l\u00e4ngsten im Amt des Wehrf\u00fchrers war, von 1939 bis 1960, Herr Adam Rauen. Bis 1939 wurde die Wehr von folgenden Wehrf\u00fchrern geleitet, wobei die Amtszeit bei diesen nicht bekannt ist: Herr Diedrichs, Herr Land, Herr Neumann, Herr Peter Probst, Herr Nikolaus. Die Mitgliederzahl betr\u00e4gt heute 87 Personen, davon sind 29 Mitglieder im aktiven Feuerwehrdienst.<br><br>Im Gr\u00fcndungsjahr gab es noch keine zentrale Wasserversorgung und keine Organisation des Feuerwehrwesens. Trotzdem hat im Jahr 1817 jedes Ehepaar zur Brandbek\u00e4mpfung einen Ledereimer vorweisen m\u00fcssen. Strotzb\u00fcsch war damals, als Gemeinde am Rand der damaligen B\u00fcrgermeisterei Gillenfeld, f\u00fchrend gewesen. Das jetzige Ger\u00e4tehaus wurde Mitte der 70er Jahre neu erbaut. Die erste Tragkraftspritze TS 8\/8 hat die Feuerwehr 1982 erhalten, die derzeitige TS 8\/8 ist aus dem Jahre 1992. 1987 erhielt unsere Wehr ein Feuerwehrfahrzeug der Feuerwehr Bergheim\/Erft. Im Jahr 1988 feierte unsere Wehr ihr 100-j\u00e4hriges Stiftungsfest mit Fahnenweihe.<br><br>Ein Besonderheit in der 125-j\u00e4hrigen Feuerwehrgeschichte ist wohl die Frauen-Feuerwehr Strotzb\u00fcsch. In den Kriegsjahren 1940-1941 wu\u00dften die Frauen sich nicht mehr anders zu helfen, wer sollte im Brandfall l\u00f6schen, die meisten M\u00e4nner waren im Krieg &#8230; und so ergriffen die Frauen die Initiative und \u00fcbernahmen als Frauen-Feuerwehr das L\u00f6schkommando im Dorf. Zu diesen Frauen geh\u00f6rten: Lena Diedrich-Thullen, Anna Weiler-Steffes, Berta Wolber-Hommes, Mathilde R\u00f6der , Anna Daniel, Mathilde Schmitz-Balling, Susanne Neumann , Margarete Hommes-Max, Barbara Lindner-Demerath, Lena R\u00f6mer-Daniel, Christine Bier-Max.<\/p>\n\n\n\n<p>&nbsp;<br><strong>D<\/strong><strong>ie Ehrenmitglieder:<\/strong> Johann Diedrichs, Walter Diedrichs, Josef Kremer, Erich Maas, Hellmut Maas, Otto Maas, Walter Max, Josef Max, Josef Neumann, Kurt Pantenburg, Edmund Peifer, Otto Peifer, Karl Rauen, Ewald R\u00f6der, Gottfried R\u00f6der, Robert Sartoris, Robert Schneider, Edmund Theisen, Adam Theisen, Albert Thullen, Josef Thullen, Winand Wolber, Dick Balvert, Heinz Hutmacher, Siegfried Orschel, Karl Rodermund, Adolf Sander, Adolf Thissen.<\/p>\n\n\n\n<h2 class=\"wp-block-heading\">Jugendfeuerwehr<\/h2>\n\n\n\n<h4 class=\"wp-block-heading\">Gr\u00fcndung<\/h4>\n\n\n\n<p>Seit dem 19. Mai 1989 besteht die Jugendfeuerwehr Strotzb\u00fcsch. Die Jugendfeuerwehr bestand damals aus 10 M\u00e4dchen und 18 Jungen, die durch Werner Ziegler, als Jugendfeuerwehrwart bis 1997, und Jugendleiter Willi Scheid (ebenfalls bis 1997), betreut wurden.<\/p>\n\n\n\n<h4 class=\"wp-block-heading\">Aktuell<\/h4>\n\n\n\n<p><br>Die Jugendfeuerwehr ist keine selbst\u00e4ndige Organisation, sondern sie ist der Zusammenschlu\u00df von Jugendlichen, die einen Teil ihrer Freizeit als Jugendgruppe innerhalb der Freiwilligen Feuerwehr Strotzb\u00fcsch verbringen.<br>Zu den Aufgaben und Zielen geh\u00f6rt neben der feuerwehrtechnischen Ausbildung in Theorie und Praxis auch die allgemeine Jugendarbeit, vielseitige Freitzeitma\u00dfnahmen wie Ausflugsfahrten, Spiel und Sport, Zeltlager oder in den gemeinsamen Gruppenstunden Spa\u00df zu haben. Vorrangig ist jedoch die Pflege der Kameradschaft in der Gemeinschaft, die die Basis der jungen Floriansj\u00fcnger darstellt.<\/p>\n\n\n\n<h5 class=\"wp-block-heading\">Ansprechpartner:<\/h5>\n\n\n\n<p>Marcel Willwertz<br>Hontheimer Stra\u00dfe 3a<br>54552 Strotzb\u00fcsch<br>Tel.: (0 65 73) 8763070<\/p>\n\n\n\n<hr class=\"wp-block-separator has-alpha-channel-opacity\"\/>\n","protected":false},"excerpt":{"rendered":"<p>Die Chronik Getreu unserem Motto &#8220; Gott zur Ehr, dem n\u00e4chsten zur Wehr&#8220; &nbsp;wurde die Freiwillige Feuerwehr Strotzb\u00fcsch am 15. Mai 1888 gegr\u00fcndet und ist damit die viert\u00e4lteste Wehr im Kreis Daun. \u00c4lter sind nur noch die Wehren der Kreisstadt <a class=\"more-link\" href=\"https:\/\/strotzbuesch.de\/index.php\/freiwillige-feuerwehr\/\">weiterlesen&#8230;<\/a><\/p>\n","protected":false},"author":3,"featured_media":0,"parent":0,"menu_order":0,"comment_status":"closed","ping_status":"closed","template":"","meta":{"ngg_post_thumbnail":0,"footnotes":""},"class_list":["post-230","page","type-page","status-publish","hentry"],"_links":{"self":[{"href":"https:\/\/strotzbuesch.de\/index.php\/wp-json\/wp\/v2\/pages\/230","targetHints":{"allow":["GET"]}}],"collection":[{"href":"https:\/\/strotzbuesch.de\/index.php\/wp-json\/wp\/v2\/pages"}],"about":[{"href":"https:\/\/strotzbuesch.de\/index.php\/wp-json\/wp\/v2\/types\/page"}],"author":[{"embeddable":true,"href":"https:\/\/strotzbuesch.de\/index.php\/wp-json\/wp\/v2\/users\/3"}],"replies":[{"embeddable":true,"href":"https:\/\/strotzbuesch.de\/index.php\/wp-json\/wp\/v2\/comments?post=230"}],"version-history":[{"count":2,"href":"https:\/\/strotzbuesch.de\/index.php\/wp-json\/wp\/v2\/pages\/230\/revisions"}],"predecessor-version":[{"id":842,"href":"https:\/\/strotzbuesch.de\/index.php\/wp-json\/wp\/v2\/pages\/230\/revisions\/842"}],"wp:attachment":[{"href":"https:\/\/strotzbuesch.de\/index.php\/wp-json\/wp\/v2\/media?parent=230"}],"curies":[{"name":"wp","href":"https:\/\/api.w.org\/{rel}","templated":true}]}}

<figure class="wp-block-image size-large"><img fetchpriority="high" decoding="async" width="1024" height="362" src="https://strotzbuesch.de/wp-content/uploads/2024/11/title_ffw1-1024x362.jpg" alt="" class="wp-image-841" srcset="https://strotzbuesch.de/wp-content/uploads/2024/11/title_ffw1-1024x362.jpg 1024w, https://strotzbuesch.de/wp-content/uploads/2024/11/title_ffw1-300x106.jpg 300w, https://strotzbuesch.de/wp-content/uploads/2024/11/title_ffw1-768x272.jpg 768w, https://strotzbuesch.de/wp-content/uploads/2024/11/title_ffw1-1536x543.jpg 1536w, https://strotzbuesch.de/wp-content/uploads/2024/11/title_ffw1-2048x725.jpg 2048w" sizes="(max-width: 1024px) 100vw, 1024px" /></figure>



<h3 class="wp-block-heading">Die Chronik</h3>



<p>Getreu unserem Motto &#8220; Gott zur Ehr, dem nächsten zur Wehr&#8220; &nbsp;wurde die Freiwillige Feuerwehr Strotzbüsch am 15. Mai 1888 gegründet und ist damit die viertälteste Wehr im Kreis Daun. Älter sind nur noch die Wehren der Kreisstadt Daun, der Stadt Gerolstein und der Stützpunktwehr Gillenfeld. Seit dem 19. Mai 1989 besteht die Jugendfeuerwehr Strotzbüsch. Unser heutiger Wehrführer Herr Norbert Thiel ist seit 2001 im Amt. Von 1988 bis 2001 leitete Herr Alfons Welsch die Wehr. Von 1970 bis 1988 leitete Herr Edmund Peifer die Strotzbüscher Wehr. Herr Helmut Maas war von 1968 bis 1970 und Herr Albert Thullen von 1960 bis 1968 Wehrführer. Am längsten im Amt des Wehrführers war, von 1939 bis 1960, Herr Adam Rauen. Bis 1939 wurde die Wehr von folgenden Wehrführern geleitet, wobei die Amtszeit bei diesen nicht bekannt ist: Herr Diedrichs, Herr Land, Herr Neumann, Herr Peter Probst, Herr Nikolaus. Die Mitgliederzahl beträgt heute 87 Personen, davon sind 29 Mitglieder im aktiven Feuerwehrdienst.<br><br>Im Gründungsjahr gab es noch keine zentrale Wasserversorgung und keine Organisation des Feuerwehrwesens. Trotzdem hat im Jahr 1817 jedes Ehepaar zur Brandbekämpfung einen Ledereimer vorweisen müssen. Strotzbüsch war damals, als Gemeinde am Rand der damaligen Bürgermeisterei Gillenfeld, führend gewesen. Das jetzige Gerätehaus wurde Mitte der 70er Jahre neu erbaut. Die erste Tragkraftspritze TS 8/8 hat die Feuerwehr 1982 erhalten, die derzeitige TS 8/8 ist aus dem Jahre 1992. 1987 erhielt unsere Wehr ein Feuerwehrfahrzeug der Feuerwehr Bergheim/Erft. Im Jahr 1988 feierte unsere Wehr ihr 100-jähriges Stiftungsfest mit Fahnenweihe.<br><br>Ein Besonderheit in der 125-jährigen Feuerwehrgeschichte ist wohl die Frauen-Feuerwehr Strotzbüsch. In den Kriegsjahren 1940-1941 wußten die Frauen sich nicht mehr anders zu helfen, wer sollte im Brandfall löschen, die meisten Männer waren im Krieg &#8230; und so ergriffen die Frauen die Initiative und übernahmen als Frauen-Feuerwehr das Löschkommando im Dorf. Zu diesen Frauen gehörten: Lena Diedrich-Thullen, Anna Weiler-Steffes, Berta Wolber-Hommes, Mathilde Röder , Anna Daniel, Mathilde Schmitz-Balling, Susanne Neumann , Margarete Hommes-Max, Barbara Lindner-Demerath, Lena Römer-Daniel, Christine Bier-Max.</p>



<p>&nbsp;<br><strong>D</strong><strong>ie Ehrenmitglieder:</strong> Johann Diedrichs, Walter Diedrichs, Josef Kremer, Erich Maas, Hellmut Maas, Otto Maas, Walter Max, Josef Max, Josef Neumann, Kurt Pantenburg, Edmund Peifer, Otto Peifer, Karl Rauen, Ewald Röder, Gottfried Röder, Robert Sartoris, Robert Schneider, Edmund Theisen, Adam Theisen, Albert Thullen, Josef Thullen, Winand Wolber, Dick Balvert, Heinz Hutmacher, Siegfried Orschel, Karl Rodermund, Adolf Sander, Adolf Thissen.</p>



<h2 class="wp-block-heading">Jugendfeuerwehr</h2>



<h4 class="wp-block-heading">Gründung</h4>



<p>Seit dem 19. Mai 1989 besteht die Jugendfeuerwehr Strotzbüsch. Die Jugendfeuerwehr bestand damals aus 10 Mädchen und 18 Jungen, die durch Werner Ziegler, als Jugendfeuerwehrwart bis 1997, und Jugendleiter Willi Scheid (ebenfalls bis 1997), betreut wurden.</p>



<h4 class="wp-block-heading">Aktuell</h4>



<p><br>Die Jugendfeuerwehr ist keine selbständige Organisation, sondern sie ist der Zusammenschluß von Jugendlichen, die einen Teil ihrer Freizeit als Jugendgruppe innerhalb der Freiwilligen Feuerwehr Strotzbüsch verbringen.<br>Zu den Aufgaben und Zielen gehört neben der feuerwehrtechnischen Ausbildung in Theorie und Praxis auch die allgemeine Jugendarbeit, vielseitige Freitzeitmaßnahmen wie Ausflugsfahrten, Spiel und Sport, Zeltlager oder in den gemeinsamen Gruppenstunden Spaß zu haben. Vorrangig ist jedoch die Pflege der Kameradschaft in der Gemeinschaft, die die Basis der jungen Floriansjünger darstellt.</p>



<h5 class="wp-block-heading">Ansprechpartner:</h5>



<p>Marcel Willwertz<br>Hontheimer Straße 3a<br>54552 Strotzbüsch<br>Tel.: (0 65 73) 8763070</p>



<hr class="wp-block-separator has-alpha-channel-opacity"/>

<p>Die Chronik Getreu unserem Motto &#8220; Gott zur Ehr, dem nächsten zur Wehr&#8220; &nbsp;wurde die Freiwillige Feuerwehr Strotzbüsch am 15. Mai 1888 gegründet und ist damit die viertälteste Wehr im Kreis Daun. Älter sind nur noch die Wehren der Kreisstadt <a class="more-link" href="https://strotzbuesch.de/index.php/freiwillige-feuerwehr/">weiterlesen&#8230;</a></p>
